6 + -3?
-4000
In base 10, what is -5 + 46?
41
In base 11, what is -3 + -1038?
-1040
In base 8, what is -12 + 550?
536
In base 12, what is a + 8?
16
In base 14, what is -1225 + 5?
-1220
In base 12, what is -19 - 4a?
-67
In base 10, what is 1 + -486?
-485
In base 3, what is 2 - 1121000?
-1120221
In base 2, what is -1000010 + 11100?
-100110
In base 7, what is 413 + 0?
413
In base 3, what is 201 + 1100?
2001
In base 5, what is -443 - -102?
-341
In base 2, what is -10101001001 - -1?
-10101001000
In base 8, what is 12 + -3?
7
In base 7, what is -11226 - 5?
-11234
In base 10, what is -20 + 29?
9
In base 11, what is 0 - 1979?
-1979
In base 12, what is 321 - -5?
326
In base 13, what is -1b + 98?
7a
In base 3, what is 22011 - -1?
22012
In base 9, what is -14 + -32?
-46
In base 8, what is 24 + -231?
-205
In base 7, what is 305 + 4?
312
In base 12, what is -87b5 + 5?
-87b0
In base 10, what is -87 - 7?
-94
In base 3, what is 2210021 + -12?
2210002
In base 16, what is -135 - 20?
-155
In base 6, what is -35 - 1?
-40
In base 6, what is -242 + 2?
-240
In base 2, what is -1010110 - -11?
-1010011
In base 2, what is -10 + 100110?
100100
In base 8, what is -41 - 13?
-54
In base 13, what is 5 + -1c86?
-1c81
In base 5, what is 1 - -433?
434
In base 3, what is 12 - 10111?
-10022
In base 2, what is 11011111100 - -101?
11100000001
In base 13, what is 319 - -4?
320
In base 2, what is 10 + 10011000?
10011010
In base 15, what is -3 + 1?
-2
In base 6, what is 31 - 205?
-134
In base 13, what is 1 - -8?
9
In base 12, what is 9 + -1a?
-11
In base 3, what is -21 + -20101?
-20122
In base 14, what is 2 + -d2?
-d0
In base 16, what is 4c1 + -3?
4be
In base 13, what is 7 - 17a?
-173
In base 14, what is -18 + 204?
1ca
In base 11, what is -9a6 - 3?
-9a9
In base 2, what is 10110 + -1000?
1110
In base 4, what is -10 + 10231?
10221
In base 11, what is 0 + 98?
98
In base 5, what is -1 + -214?
-220
In base 2, what is -11001100 + 1001?
-11000011
In base 11, what is -5 + 23?
19
In base 2, what is -100 + 10110001?
10101101
In base 6, what is -5 + -30?
-35
In base 16, what is -4 - -50?
4c
In base 2, what is 1000 - -10001110?
10010110
In base 11, what is -7 + 0?
-7
In base 12, what is 4 - -a1?
a5
In base 15, what is 33 + -42?
-e
In base 8, what is 124 - -13?
137
In base 15, what is 4 + -6e?
-6a
In base 3, what is -12 + -120?
-202
In base 16, what is 9 - 103?
-fa
In base 14, what is 11cc + -3?
11c9
In base 8, what is 3 - 3321?
-3316
In base 16, what is 7f - -12?
91
In base 13, what is b0 - -9?
b9
In base 8, what is 502 + 0?
502
In base 8, what is 12 - -16?
30
In base 11, what is 3 - -5?
8
In base 9, what is -3 + -111?
-114
In base 12, what is 1096 + 3?
1099
In base 14, what is 4 - 133?
-12d
In base 2, what is -10011011 - -100?
-10010111
In base 10, what is -244 - 1?
-245
In base 6, what is 1 + 1554?
1555
In base 12, what is -4300 + -5?
-4305
In base 3, what is 1 - -12000?
12001
In base 9, what is 33 - 1?
32
In base 11, what is -3 + 238?
235
In base 6, what is 2 + 2141?
2143
In base 14, what is -80 - -5?
-79
In base 6, what is -2044 - 2?
-2050
In base 14, what is 14 - -1?
15
In base 8, what is 17 - -2?
21
In base 3, what is 1001200022 - -1?
1001200100
In base 9, what is 5 - -55?
61
In base 13, what is 3 + -485?
-482
In base 6, what is -4 + -45?
-53
In base 4, what is -20 + -221021?
-221101
In base 14, what is -80 - -1?
-7d
In base 10, what is 15 + 27?
42
In base 8, what is -266 - -32?
-234
In base 2, what is 11000101010 + 100?
11000101110
In base 11, what is -14 - -2?
-12
In base 4, what is -22 + 210?
122
In base 11, what is -6 + 3?
-3
In base 8, what is 1 + -14073?
-14072
In base 7, what is -56 + 61?
2
In base 12, what is -42 - 3?
-45
In base 16, what is 9 + -2?
7
In base 8, what is -220 + 16?
-202
In base 16, what is -2f52 + -4?
-2f56
In base 6, what is 3 - -334?
341
In base 3, what is 10 + -1010?
-1000
In base 15, what is -2 - -1b6d?
1b6b
In base 4, what is -10 + 100121?
100111
In base 10, what is -1 + -82?
-83
In base 8, what is 1 - 136?
-135
In base 2, what is -101 + -111010?
-111111
In base 3, what is -212110 - 101?
-212211
In base 13, what is -3 + 67?
64
In base 12, what is -6 + -39?
-43
In base 10, what is 48 - 6?
42
In base 12, what is 2 - 248?
-246
In base 13, what is 29bb - 5?
29b6
In base 12, what is -1a2 + 0?
-1a2
In base 13, what is 534 - -2?
536
In base 14, what is 1 - 1?
0
In base 6, what is -53 + 1424?
1331
In base 7, what is -36200 + -4?
-36204
In base 7, what is -1 - 605?
-606
In base 16, what is 2 - -3cf?
3d1
In base 11, what is -156 - 9?
-164
In base 7, what is 5 - -2251?
2256
In base 2, what is -101000100 + 10?
-101000010
In base 7, what is 21 + 36?
60
In base 8, what is 5 + -232?
-225
In base 11, what is 4620 + 2?
4622
In base 3, what is -1021 + -10110?
-11201
In base 16, what is -23 + -84?
-a7
In base 4, what is -130013 + -3?
-130022
In base 16, what is -1 + 1b6?
1b5
In base 13, what is -c6 - -45?
-81
In base 11, what is -18730 + -5?
-18735
In base 5, what is 2 + 120?
122
In base 15, what is 39 - 1?
38
In base 14, what is -20 - 0?
-20
In base 15, what is -1 - -48?
47
In base 13, what is 81 + 2?
83
In base 10, what is -7 + -120?
-127
In base 13, what is -5 + -1c?
-24
In base 2, what is -11110110111011 - -100?
-11110110110111
In base 14, what is -281 - 1?
-282
In base 13, what is 362 + -2?
360
In base 12, what is -2 + -47?
-49
In base 4, what is -201 + -13100?
-13301
In base 3, what is -2 - -1?
-1
In base 10, what is -19 - -53?
34
In base 7, what is 2430 + -6?
2421
In base 3, what is -212112 - 12?
-212201
In base 14, what is -35 - -1?
-34
In base 5, what is 2 + 2241?
2243
In base 9, what is 3 - -13281?
13284
In base 12, what is 1a45 + 4?
1a49
In base 6, what is -1053341 + -1?
-1053342
In base 15, what is -1 + -ae?
-b0
In base 12, what is -5 - -30?
27
In base 14, what is 4 - 39?
-35
In base 13, what is -6 + -374?
-37a
In base 11, what is 15 - 99?
-84
In base 16, what is f - -5f?
6e
In base 11, what is -3 - -2306?
2303
In base 12, what is 4 + 2804?
2808
In base 4, what is -2110 + 11?
-2033
In base 15, what is -3 + -29c?
-2a0
In base 14, what is 7 - 574?
-56b
In base 5, what is 31 + 10?
41
In base 9, what is -253 + -12?
-265
In base 9, what is -384 + -2?
-386
In base 5, what is -10 + -20314?
-20324
In base 15, what is 21a - 2?
218
In base 6, what is -4 + -3230?
-3234
In base 12, what is -5 - 96?
-9b
In base 2, what is -1110101101 - 1010?
-1110110111
In base 2, what is -11 + -10111010?
-10111101
In base 15, what is -975 - -1?
-974
In base 13, what is 32 + 4?
36
In base 11, what is 390 - -5?
395
In base 12, what is -a - -2544?
2536
In base 2, what is 100 + -11100011101?
-11100011001
In base 9, what is -7435 + -5?
-7441
In base 11, what is -7509 - -4?
-7505
In base 4, what is 10 - -1000?
1010
In base 12, what is -3 + 2b4?
2b1
In base 10, what is 2 + 216?
218
In base 5, what is -10 - 220?
-230
In base 5, what is 110422 - -2?
110424
In base 5, what is 1412 - -1?
1413
In base 7, what is -165 + -15?
-213
In base 9, what is -17 + 28?
11
In base 3, what is -11002211 + 0?
-11002211
In base 8, what is 567 + 3?
572
In base 8, what is -77 + 2?
-75
In base 2, what is 100 - -111011111?
111100011
In base 8, what is 1 + -374?
-373
In base 16, what is 1 - 1d?
-1c
In base 12, what is -2 - a7?
-a9
In base 3, what is 20010210 + -12?
20010121
In base 3, what is -121 + 1200?
1002
In base 9, what is 71 + 10?
81
In base 9, what is -3 - 323?
-326
In base 11, what is -67 - 6?
-72
In base 12, what is 4 + 30?
34
In base 7, what is 1 + -6501?
-6500
In base 9, what is 84310 + 0?
84310
In base 11, what is -5 + 169?
164
In base 11, what is -4 + 24?
20
In base 12, what is 103 + -3?
100
In base 11, what is 3a7 + 0?
3a7
In base 16, what is -1 - 21?
-22
In base 15, what is 0 - -33?
33
In base 11, what is -10 + 17?
7
In base 10, what is 795 + -4?
791
In base 15, what is -15d3 + 3?
-15d0
In base 15, what is -2 - 737?
-739
In base 8, what is 1153 + -11?
1142
In base 7, what is 3 + -443?
-440
In base 14, what is 3 + -1c1a?
-1c17
In base 12, what is -7b - 9?
-88
In base 7, what is 3 - -156?
162
In base 2, what is -10 + -1101010111?
-1101011001
In base 10, what is -3 + 4?
1
In base 14, what is -1 + 346?
345
In base 2, what is -10111111 - -10?
-10111101
In base 6, what is 2 - -2422?
2424
In base 10, what is -95 - -